remainder when 48802 is divided by 950.
352
What is the remainder when 6604886 is divided by 2201232?
1190
Calculate the remainder when 15749622 is divided by 384137.
5
What is the remainder when 33830156 is divided by 160?
76
What is the remainder when 12025160 is divided by 84092?
4
What is the remainder when 3340531 is divided by 55?
51
What is the remainder when 47742 is divided by 2821?
2606
Calculate the remainder when 111715 is divided by 1745.
35
What is the remainder when 28948 is divided by 2308?
1252
What is the remainder when 1342551 is divided by 3505?
136
Calculate the remainder when 62240906 is divided by 3285.
11
What is the remainder when 2255760 is divided by 1671?
1581
Calculate the remainder when 110989 is divided by 297.
208
What is the remainder when 2432820 is divided by 1996?
1692
What is the remainder when 6603697 is divided by 37952?
49
What is the remainder when 3249848 is divided by 16?
8
What is the remainder when 18658974 is divided by 3621?
3582
What is the remainder when 344544 is divided by 172269?
6
What is the remainder when 527396 is divided by 37?
35
What is the remainder when 362395 is divided by 2300?
1295
Calculate the remainder when 654532 is divided by 2008.
1932
Calculate the remainder when 8097 is divided by 3550.
997
What is the remainder when 38666 is divided by 1513?
841
Calculate the remainder when 2913374 is divided by 409.
67
What is the remainder when 133388 is divided by 133373?
15
What is the remainder when 823780 is divided by 22882?
28
Calculate the remainder when 861752 is divided by 57448.
32
What is the remainder when 205020 is divided by 1536?
732
Calculate the remainder when 16428 is divided by 1890.
1308
Calculate the remainder when 860647 is divided by 395.
337
Calculate the remainder when 163346 is divided by 1886.
1150
Calculate the remainder when 27369 is divided by 2676.
609
Calculate the remainder when 6942925 is divided by 2314298.
31
Calculate the remainder when 8513 is divided by 4218.
77
What is the remainder when 313504936 is divided by 38?
34
Calculate the remainder when 1772024 is divided by 1739.
1722
What is the remainder when 46278 is divided by 704?
518
What is the remainder when 9560573 is divided by 156?
113
Calculate the remainder when 5414809 is divided by 14754.
91
What is the remainder when 370071 is divided by 33642?
9
What is the remainder when 5489007 is divided by 2368?
2351
Calculate the remainder when 121950625 is divided by 195121.
0
Calculate the remainder when 334110 is divided by 47723.
49
Calculate the remainder when 2067891 is divided by 66706.
5
Calculate the remainder when 97603 is divided by 5313.
1969
What is the remainder when 165373 is divided by 164913?
460
What is the remainder when 8636599 is divided by 280?
279
What is the remainder when 3439369 is divided by 147?
10
What is the remainder when 2362758 is divided by 157494?
348
What is the remainder when 30370 is divided by 9780?
1030
Calculate the remainder when 1839615 is divided by 7.
1
Calculate the remainder when 165433676 is divided by 349.
347
Calculate the remainder when 647920 is divided by 835.
795
What is the remainder when 770169 is divided by 33?
15
What is the remainder when 201842563 is divided by 40368509?
18
What is the remainder when 27497243 is divided by 6979?
6962
Calculate the remainder when 2022612 is divided by 32.
20
Calculate the remainder when 59753887 is divided by 3982.
3977
Calculate the remainder when 6261069 is divided by 1178.
1177
What is the remainder when 903520 is divided by 19222?
86
Calculate the remainder when 487020 is divided by 43.
2
Calculate the remainder when 3494748 is divided by 115.
13
Calculate the remainder when 54280 is divided by 18038.
166
Calculate the remainder when 41942613 is divided by 546.
531
Calculate the remainder when 10805492 is divided by 1655.
1652
Calculate the remainder when 98213869 is divided by 26.
13
Calculate the remainder when 82010751 is divided by 3487.
3485
Calculate the remainder when 19551779 is divided by 12.
11
Calculate the remainder when 6697 is divided by 853.
726
What is the remainder when 3504511 is divided by 79?
71
Calculate the remainder when 3457130 is divided by 3457113.
17
Calculate the remainder when 186302 is divided by 186284.
18
Calculate the remainder when 31282890 is divided by 363.
276
Calculate the remainder when 145731 is divided by 16.
3
What is the remainder when 791732431 is divided by 76?
75
What is the remainder when 699305 is divided by 880?
585
Calculate the remainder when 72875490 is divided by 24291829.
3
Calculate the remainder when 834187 is divided by 49.
11
Calculate the remainder when 24286535 is divided by 8095511.
2
Calculate the remainder when 408946009 is divided by 6185.
6179
Calculate the remainder when 1541409 is divided by 2171.
2170
What is the remainder when 169810 is divided by 7704?
322
Calculate the remainder when 5748391 is divided by 1213.
1197
What is the remainder when 296440 is divided by 239?
80
What is the remainder when 15323042 is divided by 547251?
14
What is the remainder when 5320113 is divided by 47?
42
Calculate the remainder when 1956067 is divided by 978.
67
Calculate the remainder when 4528509 is divided by 1276.
1261
Calculate the remainder when 270781 is divided by 6441.
259
What is the remainder when 5349448 is divided by 7076?
7068
Calculate the remainder when 4936989 is divided by 165.
24
Calculate the remainder when 1043268 is divided by 22679.
34
Calculate the remainder when 19500 is divided by 3887.
65
Calculate the remainder when 1452051 is divided by 38.
33
Calculate the remainder when 100847 is divided by 4756.
971
Calculate the remainder when 11182037 is divided by 14.
13
Calculate the remainder when 5178648 is divided by 55092.
0
What is the remainder when 317562010 is divided by 414?
412
What is the remainder when 2114816 is divided by 352369?
602
What is the remainder when 21281 is divided by 3657?
2996
What is the remainder when 49740 is divided by 9545?
2015
Calculate the remainder when 1714351 is divided by 1622.
1519
What is the remainder when 5784155 is divided by 50738?
23
Calculate the remainder when 1369738 is divided by 587.
267
Calculate the remainder when 3206280 is divided by 154.
0
Calculate the remainder when 5669043 is divided by 8.
3
Calculate the remainder when 777855 is divided by 77781.
45
What is the remainder when 27898850 is divided by 380?
10
Calculate the remainder when 4260210 is divided by 330.
240
What is the remainder when 14073 is divided by 3034?
1937
What is the remainder when 22082 is divided by 19020?
3062
What is the remainder when 819844 is divided by 371?
305
Calculate the remainder when 84988 is divided by 388.
16
Calculate the remainder when 1006333 is divided by 201014.
1263
Calculate the remainder when 12767853 is divided by 3.
0
Calculate the remainder when 1724701 is divided by 156791.
0
Calculate the remainder when 8838429 is divided by 37.
17
Calculate the remainder when 6923681 is divided by 1367.
1193
Calculate the remainder when 68266940 is divided by 3312.
3308
What is the remainder when 1192351 is divided by 618?
229
Calculate the remainder when 25112 is divided by 92.
88
Calculate the remainder when 17465086 is divided by 206.
200
Calculate the remainder when 2218522 is divided by 7730.
12
Calculate the remainder when 2464615 is divided by 3358.
3201
Calculate the remainder when 163730 is divided by 2099.
8
What is the remainder when 53218 is divided by 2660?
18
Calculate the remainder when 57138351 is divided by 136.
127
Calculate the remainder when 13541598 is divided by 8.
6
Calculate the remainder when 8430416 is divided by 60.
56
Calculate the remainder when 1403687 is divided by 83.
74
What is the remainder when 211896487 is divided by 604?
603
Calculate the remainder when 132464 is divided by 66017.
430
Calculate the remainder when 5740615 is divided by 574060.
15
What is the remainder when 10200587 is divided by 728594?
271
What is the remainder when 254664 is divided by 23109?
465
What is the remainder when 62816 is divided by 1030?
1016
What is the remainder when 910416 is divided by 303456?
48
Calculate the remainder when 1076982 is divided by 1076735.
247
What is the